{"version":"1.0","provider_name":"catedra roses guia","provider_url":"https:\/\/catedra-roses-guia.documentauniversitaria.net\/fr\/","author_name":"pauros","author_url":"https:\/\/catedra-roses-guia.documentauniversitaria.net\/fr\/author\/pauros\/","title":"Le monast\u00e8re et la villa m\u00e9di\u00e9vale - catedra roses guia","type":"rich","width":600,"height":338,"html":"<blockquote class=\"wp-embedded-content\" data-secret=\"Rc4iOZoX23\"><a href=\"https:\/\/catedra-roses-guia.documentauniversitaria.net\/fr\/le-monastere-et-la-villa-medievale\/\">Le monast\u00e8re et la villa m\u00e9di\u00e9vale<\/a><\/blockquote><iframe sandbox=\"allow-scripts\" security=\"restricted\" src=\"https:\/\/catedra-roses-guia.documentauniversitaria.net\/fr\/le-monastere-et-la-villa-medievale\/embed\/#?secret=Rc4iOZoX23\" width=\"600\" height=\"338\" title=\"\u00ab\u00a0Le monast\u00e8re et la villa m\u00e9di\u00e9vale\u00a0\u00bb &#8212; catedra roses guia\" data-secret=\"Rc4iOZoX23\" frameborder=\"0\" marginwidth=\"0\" marginheight=\"0\" scrolling=\"no\" class=\"wp-embedded-content\"><\/iframe><script>\n\/*! This file is auto-generated *\/\n!function(d,l){\"use strict\";l.querySelector&&d.addEventListener&&\"undefined\"!=typeof URL&&(d.wp=d.wp||{},d.wp.receiveEmbedMessage||(d.wp.receiveEmbedMessage=function(e){var t=e.data;if((t||t.secret||t.message||t.value)&&!\/[^a-zA-Z0-9]\/.test(t.secret)){for(var s,r,n,a=l.querySelectorAll('iframe[data-secret=\"'+t.secret+'\"]'),o=l.querySelectorAll('blockquote[data-secret=\"'+t.secret+'\"]'),c=new RegExp(\"^https?:$\",\"i\"),i=0;i<o.length;i++)o[i].style.display=\"none\";for(i=0;i<a.length;i++)s=a[i],e.source===s.contentWindow&&(s.removeAttribute(\"style\"),\"height\"===t.message?(1e3<(r=parseInt(t.value,10))?r=1e3:~~r<200&&(r=200),s.height=r):\"link\"===t.message&&(r=new URL(s.getAttribute(\"src\")),n=new URL(t.value),c.test(n.protocol))&&n.host===r.host&&l.activeElement===s&&(d.top.location.href=t.value))}},d.addEventListener(\"message\",d.wp.receiveEmbedMessage,!1),l.addEventListener(\"DOMContentLoaded\",function(){for(var e,t,s=l.querySelectorAll(\"iframe.wp-embedded-content\"),r=0;r<s.length;r++)(t=(e=s[r]).getAttribute(\"data-secret\"))||(t=Math.random().toString(36).substring(2,12),e.src+=\"#?secret=\"+t,e.setAttribute(\"data-secret\",t)),e.contentWindow.postMessage({message:\"ready\",secret:t},\"*\")},!1)))}(window,document);\n\/\/# sourceURL=https:\/\/catedra-roses-guia.documentauniversitaria.net\/wp-includes\/js\/wp-embed.min.js\n<\/script>\n","description":"Est-ce que des gens vivaient \u00e0 Roses entre les VIIe et Xe si\u00e8cles? Certainement, mais probablement vers l&rsquo;int\u00e9rieur, \u00e9loign\u00e9s ou occultes de la c\u00f4te, puisque en cette \u00e9poque il s\u2019agissait d\u2019un espace dangereux, sujet aux visites, jamais aimables, de pirates et autres possibles attaquants. Ce qui ne para\u00eet pas exister \u2014ou jusqu&rsquo;\u00e0 ce jour ne [&hellip;]","thumbnail_url":"https:\/\/catedra-roses-guia.documentauniversitaria.net\/wp-content\/uploads\/sites\/19\/2026\/02\/GUIA7-D-00.jpg","thumbnail_width":1200,"thumbnail_height":1144}

Le monastère et la villa médiévale - catedra roses guia

<blockquote class="wp-embedded-content" data-secret="Rc4iOZoX23"><a href="https://catedra-roses-guia.documentauniversitaria.net/fr/le-monastere-et-la-villa-medievale/">Le monastère et la villa médiévale</a></blockquote><iframe sandbox="allow-scripts" security="restricted" src="https://catedra-roses-guia.documentauniversitaria.net/fr/le-monastere-et-la-villa-medievale/embed/#?secret=Rc4iOZoX23" width="600" height="338" title="« Le monastère et la villa médiévale » &#8212; catedra roses guia" data-secret="Rc4iOZoX23" frameborder="0" marginwidth="0" marginheight="0" scrolling="no" class="wp-embedded-content"></iframe><script>
/*! This file is auto-generated */
!function(d,l){"use strict";l.querySelector&&d.addEventListener&&"undefined"!=typeof URL&&(d.wp=d.wp||{},d.wp.receiveEmbedMessage||(d.wp.receiveEmbedMessage=function(e){var t=e.data;if((t||t.secret||t.message||t.value)&&!/[^a-zA-Z0-9]/.test(t.secret)){for(var s,r,n,a=l.querySelectorAll('iframe[data-secret="'+t.secret+'"]'),o=l.querySelectorAll('blockquote[data-secret="'+t.secret+'"]'),c=new RegExp("^https?:$","i"),i=0;i<o.length;i++)o[i].style.display="none";for(i=0;i<a.length;i++)s=a[i],e.source===s.contentWindow&&(s.removeAttribute("style"),"height"===t.message?(1e3<(r=parseInt(t.value,10))?r=1e3:~~r<200&&(r=200),s.height=r):"link"===t.message&&(r=new URL(s.getAttribute("src")),n=new URL(t.value),c.test(n.protocol))&&n.host===r.host&&l.activeElement===s&&(d.top.location.href=t.value))}},d.addEventListener("message",d.wp.receiveEmbedMessage,!1),l.addEventListener("DOMContentLoaded",function(){for(var e,t,s=l.querySelectorAll("iframe.wp-embedded-content"),r=0;r<s.length;r++)(t=(e=s[r]).getAttribute("data-secret"))||(t=Math.random().toString(36).substring(2,12),e.src+="#?secret="+t,e.setAttribute("data-secret",t)),e.contentWindow.postMessage({message:"ready",secret:t},"*")},!1)))}(window,document);
//# sourceURL=https://catedra-roses-guia.documentauniversitaria.net/wp-includes/js/wp-embed.min.js
</script>

Est-ce que des gens vivaient à Roses entre les VIIe et Xe siècles? Certainement, mais probablement vers l&rsquo;intérieur, éloignés ou occultes de la côte, puisque en cette époque il s’agissait d’un espace dangereux, sujet aux visites, jamais aimables, de pirates et autres possibles attaquants. Ce qui ne paraît pas exister —ou jusqu&rsquo;à ce jour ne [&hellip;]
